 prime factors of 188391633?
3, 3907, 16073
What are the prime factors of 51542447?
11, 53, 211, 419
What are the prime factors of 2636880566?
2, 1019, 1293857
List the prime factors of 1492976633.
1492976633
List the prime factors of 195685379.
101, 811, 2389
What are the prime factors of 186454960?
2, 5, 2330687
List the prime factors of 2265351869.
11, 4877, 42227
What are the prime factors of 8590008?
2, 3, 7, 51131
What are the prime factors of 1466415936?
2, 3, 2545861
What are the prime factors of 288384606?
2, 3, 16021367
What are the prime factors of 42587553?
3, 113, 125627
What are the prime factors of 1091522667?
3, 97, 3750937
What are the prime factors of 441664047?
3, 11, 4461253
What are the prime factors of 26952222?
2, 3, 11, 19, 21493
What are the prime factors of 45871259?
7, 6553037
What are the prime factors of 32029082?
2, 67, 239023
List the prime factors of 156415992.
2, 3, 97, 67189
What are the prime factors of 118818273?
3, 7, 1367, 4139
List the prime factors of 92433003.
3, 13, 293, 8089
What are the prime factors of 70544986?
2, 19, 461, 4027
List the prime factors of 11922476.
2, 31, 96149
List the prime factors of 82326973.
103, 799291
List the prime factors of 1264554095.
5, 7, 17, 61, 34841
What are the prime factors of 23780343?
3, 19, 79, 5281
What are the prime factors of 488739964?
2, 19, 73, 88093
List the prime factors of 1618363653.
3, 539454551
What are the prime factors of 154387984?
2, 9649249
What are the prime factors of 22990262?
2, 797, 14423
What are the prime factors of 51762173?
51762173
What are the prime factors of 10329827?
41, 251947
What are the prime factors of 2372699827?
3833, 619019
What are the prime factors of 4204116?
2, 3, 7, 67, 83
What are the prime factors of 125795124?
2, 3, 7, 13, 19, 43, 47
List the prime factors of 69157690.
2, 5, 7, 193, 5119
What are the prime factors of 1522782600?
2, 3, 5, 241, 10531
What are the prime factors of 1869388904?
2, 47, 1367, 3637
What are the prime factors of 41477952?
2, 3, 349, 619
List the prime factors of 1047188256.
2, 3, 523, 20857
What are the prime factors of 392866506?
2, 3, 1021, 21377
List the prime factors of 12408422.
2, 13, 149, 3203
What are the prime factors of 153112217?
17, 9006601
What are the prime factors of 4871230090?
2, 5, 41, 11881049
What are the prime factors of 206402493?
3, 11, 6254621
List the prime factors of 274014225.
3, 5, 405947
What are the prime factors of 77096803?
7, 11013829
List the prime factors of 212299248.
2, 3, 7, 631843
What are the prime factors of 7646951251?
28319, 270029
What are the prime factors of 145065636?
2, 3, 461, 8741
List the prime factors of 191547299.
191547299
List the prime factors of 889877388.
2, 3, 19, 613, 6367
What are the prime factors of 296997364?
2, 74249341
What are the prime factors of 92473809?
3, 1097, 28099
What are the prime factors of 355914779?
11, 32355889
List the prime factors of 55370846.
2, 27685423
List the prime factors of 416689129.
416689129
List the prime factors of 14741455.
5, 101, 29191
List the prime factors of 453219899.
11, 23, 162853
List the prime factors of 181845154.
2, 6311, 14407
What are the prime factors of 3501480825?
3, 5, 61, 277, 307
What are the prime factors of 133741363?
7, 17, 227, 4951
What are the prime factors of 1897605621?
3, 139, 1516871
What are the prime factors of 142845158?
2, 83, 860513
What are the prime factors of 867366907?
11, 78851537
List the prime factors of 10245294.
2, 3, 19, 29, 1033
What are the prime factors of 2533550887?
7, 1439, 251519
List the prime factors of 8505020.
2, 5, 425251
What are the prime factors of 436202?
2, 13, 19, 883
List the prime factors of 75849918.
2, 3, 41, 308333
What are the prime factors of 427055846?
2, 7, 30503989
What are the prime factors of 545110398?
2, 3, 7, 43, 1597
List the prime factors of 29166581.
4133, 7057
List the prime factors of 80676460.
2, 5, 1747, 2309
List the prime factors of 5673402021.
3, 7, 270162001
What are the prime factors of 3445195704?
2, 3, 143549821
What are the prime factors of 852179123?
29, 167, 175961
What are the prime factors of 24696734?
2, 229, 53923
List the prime factors of 20184756.
2, 3, 179, 9397
List the prime factors of 42837710.
2, 5, 283, 15137
What are the prime factors of 6113605931?
1279, 4779989
List the prime factors of 726010943.
7, 107, 617, 1571
What are the prime factors of 907940?
2, 5, 11, 4127
List the prime factors of 1811863400.
2, 5, 17, 109, 4889
List the prime factors of 676970467.
31, 193, 113149
What are the prime factors of 2446223124?
2, 3, 203851927
What are the prime factors of 1017946416?
2, 3, 1181, 17957
List the prime factors of 137277671.
797, 172243
What are the prime factors of 959335532?
2, 61, 131, 30013
What are the prime factors of 1303531876?
2, 325882969
List the prime factors of 250713467.
17, 461, 31991
What are the prime factors of 54007800?
2, 3, 5, 7, 11, 167
What are the prime factors of 2183574881?
127, 347, 49549
List the prime factors of 3192166.
2, 367, 4349
What are the prime factors of 51705146?
2, 25852573
List the prime factors of 291524019.
3, 6299, 15427
What are the prime factors of 1544528919?
3, 6113, 84221
List the prime factors of 1274699130.
2, 3, 5, 59, 337, 2137
What are the prime factors of 1433005957?
977, 1466741
What are the prime factors of 649140387?
3, 7, 137, 32233
List the prime factors of 84007410.
2, 3, 5, 2800247
List the prime factors of 473419502.
2, 17, 3671, 3793
What are the prime factors of 23522338?
2, 7, 1680167
What are the prime factors of 15882787?
199, 79813
What are the prime factors of 53114126?
2, 13, 2042851
List the prime factors of 704925620.
2, 5, 7, 23, 29, 7549
List the prime factors of 251814432.
2, 3, 631, 4157
What are the prime factors of 17404326?
2, 3, 966907
What are the prime factors of 829572570?
2, 3, 5, 251, 12241
What are the prime factors of 1267354?
2, 11, 5237
What are the prime factors of 239763822?
2, 3, 23, 29, 181, 331
List the prime factors of 1480584254.
2, 740292127
What are the prime factors of 3453276725?
5, 17, 1483, 5479
What are the prime factors of 1572825300?
2, 3, 5, 31, 131, 1291
List the prime factors of 2237765185.
5, 19, 439, 53657
List the prime factors of 3880747482.
2, 3, 97, 6667951
What are the prime factors of 6450472?
2, 7, 229, 503
List the prime factors of 7145468179.
577, 12383827
What are the prime factors of 152371900?
2, 5, 61, 24979
List the prime factors of 2263370693.
2263370693
What are the prime factors of 613029330?
2, 3, 5, 89, 97, 263
List the prime factors of 457106743.
2027, 225509
What are the prime factors of 33257314?
2, 41, 405577
What are the prime factors of 94234011?
3, 4703, 6679
List the prime factors of 943635226.
2, 31, 2161, 7043
What are the prime factors of 2669213470?
2, 5, 7, 11, 137, 25303
List the prime factors of 25254950.
2, 5, 7, 59, 1223
What are the prime factors of 142677378?
2, 3, 53, 347, 431
What are the prime factors of 5168654?
2, 79, 32713
What are the prime factors of 146563733?
9857, 14869
What are the prime factors of 28703256?
2, 3, 457, 2617
List the prime factors of 2075810883.
3, 47, 71, 101, 2053
List the prime factors of 462081154.
2, 231040577
List the prime factors of 1093383579.
3, 364461193
List the prime factors of 2889541325.
5, 11, 653, 16091
What are the prime factors of 924652344?
2, 3, 7, 11, 71479
What are the prime factors of 39251440?
2, 5, 490643
What are the prime factors of 208251297?
3, 59, 130729
List the prime factors of 556317506.
2, 31, 8972863
What are the prime factors of 1246644594?
2, 3, 13, 277, 2137
List the prime factors of 520708667.
520708667
What are the prime factors of 2984235833?
2984235833
List the prime factors of 801158681.
801158681
What are the prime factors of 5372697776?
2, 37, 9075503
What are the prime factors of 273466189?
347, 788087
What are the prime factors of 161900975?
5, 6476039
What are the prime factors of 46645829?
191, 244219
What are the prime factors of 10370767?
11, 37, 83, 307
List the prime factors of 6311014.
2, 97, 32531
List the prime factors of 231613671.
3, 77204557
List the prime factors of 2986911267.
3, 163, 743, 8221
What are the prime factors of 683773198?
2, 179, 1909